is the greatest common divisor of 129 and 688?
43
What is the highest common factor of 175 and 770?
35
Calculate the greatest common factor of 672 and 798.
42
What is the greatest common factor of 3705 and 95?
95
What is the greatest common factor of 26 and 1287?
13
Calculate the highest common factor of 48 and 24.
24
What is the highest common divisor of 122 and 976?
122
Calculate the highest common divisor of 413 and 7.
7
What is the highest common factor of 14758 and 47?
47
What is the highest common factor of 250 and 30?
10
Calculate the highest common factor of 832 and 272.
16
What is the greatest common factor of 238 and 52122?
238
Calculate the highest common factor of 536 and 1206.
134
Calculate the highest common divisor of 200 and 50.
50
Calculate the highest common factor of 1909 and 115.
23
What is the greatest common divisor of 104 and 4888?
104
What is the greatest common divisor of 385 and 5?
5
Calculate the greatest common divisor of 11 and 44.
11
Calculate the greatest common factor of 84 and 23436.
84
Calculate the greatest common factor of 928 and 16.
16
Calculate the greatest common divisor of 174 and 24.
6
Calculate the highest common factor of 1144 and 143.
143
What is the highest common factor of 98 and 14602?
98
Calculate the greatest common factor of 7238 and 506.
22
Calculate the greatest common divisor of 705 and 10105.
235
What is the greatest common factor of 208 and 848?
16
What is the highest common factor of 17759 and 118?
59
Calculate the highest common divisor of 2294 and 930.
62
Calculate the highest common divisor of 209 and 55.
11
Calculate the highest common divisor of 38 and 19.
19
Calculate the highest common factor of 1027 and 13.
13
What is the greatest common factor of 441 and 98?
49
Calculate the highest common factor of 209 and 57.
19
What is the highest common factor of 2800 and 1008?
112
Calculate the greatest common divisor of 7000 and 84.
28
Calculate the highest common divisor of 4580 and 40.
20
Calculate the greatest common factor of 13 and 104.
13
Calculate the greatest common divisor of 119 and 629.
17
Calculate the greatest common divisor of 125 and 425.
25
Calculate the greatest common divisor of 170 and 3298.
34
What is the greatest common factor of 15 and 6855?
15
Calculate the greatest common divisor of 574 and 410.
82
Calculate the highest common divisor of 30 and 15.
15
Calculate the highest common divisor of 5 and 3.
1
Calculate the highest common factor of 3795 and 55.
55
What is the highest common factor of 14 and 12?
2
What is the highest common divisor of 1725 and 100?
25
Calculate the greatest common divisor of 11 and 1859.
11
What is the greatest common factor of 539 and 2?
1
Calculate the greatest common factor of 280 and 35.
35
What is the greatest common divisor of 302 and 2?
2
Calculate the highest common factor of 973 and 7.
7
What is the greatest common factor of 152 and 64?
8
Calculate the greatest common divisor of 35 and 15.
5
Calculate the highest common factor of 45 and 72.
9
What is the highest common divisor of 216 and 840?
24
What is the greatest common divisor of 85 and 2193?
17
Calculate the greatest common divisor of 64 and 224.
32
What is the greatest common divisor of 195 and 15?
15
What is the highest common divisor of 3 and 192?
3
Calculate the highest common factor of 68 and 204.
68
Calculate the greatest common factor of 595 and 1615.
85
What is the highest common factor of 188 and 1786?
94
What is the greatest common divisor of 11 and 8?
1
What is the greatest common divisor of 90 and 35010?
90
Calculate the highest common divisor of 629 and 2176.
17
What is the greatest common divisor of 72 and 1764?
36
Calculate the highest common divisor of 48 and 606.
6
What is the greatest common factor of 36 and 54?
18
Calculate the highest common factor of 207 and 46.
23
Calculate the highest common factor of 1 and 2412.
1
Calculate the greatest common factor of 60 and 1120.
20
Calculate the greatest common divisor of 140 and 25.
5
Calculate the greatest common divisor of 104 and 78.
26
Calculate the highest common factor of 85 and 221.
17
Calculate the greatest common factor of 17 and 35.
1
What is the highest common divisor of 10 and 250?
10
Calculate the greatest common divisor of 854 and 28.
14
What is the greatest common factor of 100 and 850?
50
Calculate the highest common factor of 2565 and 2375.
95
Calculate the highest common divisor of 234 and 72.
18
What is the highest common factor of 800 and 350?
50
Calculate the highest common factor of 28 and 126.
14
Calculate the greatest common divisor of 6 and 866.
2
Calculate the highest common divisor of 532 and 152.
76
Calculate the greatest common factor of 91 and 28.
7
What is the greatest common factor of 125 and 35?
5
What is the greatest common factor of 11 and 3641?
11
Calculate the greatest common divisor of 11 and 803.
11
What is the greatest common divisor of 2052 and 864?
108
What is the highest common factor of 722 and 12?
2
Calculate the highest common divisor of 98 and 1127.
49
Calculate the highest common divisor of 128 and 48.
16
What is the highest common divisor of 26246 and 22?
22
Calculate the greatest common divisor of 154 and 49.
7
Calculate the greatest common divisor of 258 and 86.
86
Calculate the greatest common factor of 2025 and 50.
25
Calculate the greatest common divisor of 2 and 81.
1
What is the highest common divisor of 14560 and 192?
32
What is the highest common factor of 12 and 2916?
12
Calculate the highest common factor of 118 and 2183.
59
Calculate the highest common factor of 18 and 4500.
18
Calculate the highest common factor of 12 and 1356.
12
Calculate the greatest common factor of 159 and 530.
53
What is the highest common factor of 38 and 2299?
19
Calculate the highest common divisor of 10885 and 35.
35
Calculate the highest common factor of 25 and 49.
1
What is the highest common divisor of 4896 and 3978?
306
Calculate the highest common factor of 28 and 4186.
14
What is the greatest common divisor of 1703 and 4716?
131
What is the greatest common divisor of 320 and 576?
64
What is the greatest common factor of 18 and 207?
9
What is the greatest common divisor of 43852 and 76?
76
What is the highest common divisor of 544 and 34?
34
Calculate the greatest common divisor of 15 and 285.
15
What is the highest common factor of 20352 and 106?
106
Calculate the greatest common factor of 399 and 84.
21
Calculate the greatest common factor of 150 and 12.
6
What is the greatest common factor of 680 and 408?
136
Calculate the highest common factor of 1711 and 531.
59
Calculate the highest common divisor of 768 and 112.
16
Calculate the greatest common factor of 188 and 235.
47
Calculate the greatest common factor of 13 and 117.
13
What is the greatest common factor of 275 and 2225?
25
What is the greatest common factor of 84 and 996?
12
What is the highest common factor of 5911 and 23?
23
What is the greatest common divisor of 2 and 11?
1
Calculate the greatest common factor of 525 and 448.
7
Calculate the greatest common divisor of 45 and 27.
9
What is the highest common factor of 18396 and 18?
18
What is the greatest common factor of 76 and 3078?
38
What is the greatest common divisor of 2496 and 4212?
156
What is the highest common divisor of 828 and 468?
36
What is the greatest common divisor of 700 and 84?
28
Calculate the greatest common divisor of 21 and 420.
21
Calculate the highest common factor of 2192 and 80.
16
What is the highest common factor of 227 and 15209?
227
Calculate the greatest common factor of 264 and 376.
8
What is the highest common divisor of 15 and 295?
5
What is the greatest common divisor of 72 and 5112?
72
What is the highest common divisor of 108 and 144?
36
Calculate the highest common divisor of 77 and 32417.
77
Calculate the greatest common factor of 10 and 40.
10
Calculate the highest common factor of 6 and 6054.
6
Calculate the greatest common factor of 1760 and 1540.
220
Calculate the highest common divisor of 88 and 396.
44
Calculate the highest common factor of 30 and 6.
6
Calculate the greatest common factor of 167 and 7348.
167
What is the greatest common factor of 864 and 2241?
27
What is the highest common factor of 781 and 63